se
Is 2594 prime?
False
Is 61431 prime?
False
Is 17551 a composite number?
False
Is 877 a composite number?
False
Is 466691 a composite number?
True
Is 3613 a prime number?
True
Is 39817 a prime number?
False
Is 471871 a composite number?
False
Is 17867 prime?
False
Is 212057 composite?
False
Is 33329 prime?
True
Is 11027 a composite number?
False
Is 4187 composite?
True
Is 1218601 a composite number?
False
Is 8698 prime?
False
Is 28807 a prime number?
True
Is 2801179 a composite number?
False
Is 3407 a prime number?
True
Is 1799 a prime number?
False
Is 185 a prime number?
False
Is 5399 prime?
True
Is 19861 prime?
True
Is 1535 a composite number?
True
Is 127 prime?
True
Is 738011 prime?
True
Is 3755029 a composite number?
True
Is 58661 prime?
True
Is 7241 a prime number?
False
Is 51647 a composite number?
False
Is 39313 a composite number?
False
Is 485 prime?
False
Is 2099 a prime number?
True
Is 4049 composite?
False
Is 36794 prime?
False
Is 14543 composite?
False
Is 146591 a prime number?
False
Is 2081777 composite?
False
Is 25777 a composite number?
True
Is 730283 a prime number?
True
Is 11126 prime?
False
Is 422969 a prime number?
True
Is 647 a composite number?
False
Is 7831 a prime number?
False
Is 379 a composite number?
False
Is 316487 a prime number?
False
Is 3491 a composite number?
False
Is 23429 a prime number?
False
Is 3974 a prime number?
False
Is 30677 a composite number?
False
Is 61822 composite?
True
Is 877 a composite number?
False
Is 228127 prime?
True
Is 5779 a composite number?
False
Is 111049 prime?
True
Is 236981 composite?
False
Is 3433 prime?
True
Is 64451 a prime number?
True
Is 129341 prime?
True
Is 27182 a prime number?
False
Is 34861 prime?
False
Is 325239 composite?
True
Is 9349 a prime number?
True
Is 10289 composite?
False
Is 392767 a prime number?
True
Is 1688741 a composite number?
False
Is 2843 a prime number?
True
Is 3478643 a composite number?
True
Is 13307 prime?
False
Is 184511 prime?
True
Is 5333 prime?
True
Is 80918 a composite number?
True
Is 175534 a composite number?
True
Is 1792181 a composite number?
True
Is 253 composite?
True
Is 71563 a composite number?
False
Is 447353 a composite number?
False
Is 192529 a prime number?
True
Is 14699 a composite number?
False
Is 1213 composite?
False
Is 6007 a composite number?
False
Is 31435 a composite number?
True
Is 7807 prime?
False
Is 807 composite?
True
Is 118571 composite?
False
Is 18637 a composite number?
False
Is 78493 prime?
False
Is 212974 a composite number?
True
Is 1889 composite?
False
Is 50187 prime?
False
Is 313909 a prime number?
True
Is 34583 prime?
True
Is 75079 composite?
False
Is 11273 a prime number?
True
Is 3049 a prime number?
True
Is 636239 a composite number?
True
Is 14845 a prime number?
False
Is 1390133 a prime number?
False
Is 54887 a composite number?
True
Is 2958139 a composite number?
False
Is 10993 composite?
False
Is 4327 prime?
True
Is 2507 composite?
True
Is 79861 composite?
False
Is 16421 prime?
True
Is 2305 a composite number?
True
Is 46559 a prime number?
True
Is 516151 a prime number?
True
Is 5897 prime?
True
Is 2333 a composite number?
False
Is 3691 composite?
False
Is 5647 prime?
True
Is 226286 a composite number?
True
Is 479209 a composite number?
False
Is 41281 prime?
True
Is 67919 prime?
False
Is 2897 a composite number?
False
Is 210167 prime?
False
Is 502 a composite number?
True
Is 334393 composite?
False
Is 6983 composite?
False
Is 3094843 a composite number?
True
Is 3571261 composite?
False
Is 175871 prime?
False
Is 107785 a composite number?
True
Is 13331 a composite number?
False
Is 74467 prime?
False
Is 103 prime?
True
Is 165766 prime?
False
Is 3761 composite?
False
Is 87107 a composite number?
False
Is 10007 a composite number?
False
Is 1826455 prime?
False
Is 294871 prime?
False
Is 4090463 composite?
True
Is 76367 composite?
False
Is 15838 composite?
True
Is 445 composite?
True
Is 42281 composite?
False
Is 4121 composite?
True
Is 536593 a prime number?
True
Is 15653 composite?
True
Is 7477 a prime number?
True
Is 57829 a prime number?
True
Is 51001 a composite number?
False
Is 18667 a composite number?
True
Is 16007 a prime number?
True
Is 18529 a composite number?
True
Is 4237 a composite number?
True
Is 511957 a composite number?
True
Is 37187 prime?
False
Is 471013 a composite number?
True
Is 1614461 composite?
False
Is 743 composite?
False
Is 1814 prime?
False
Is 8051 composite?
True
Is 8419 a composite number?
False
Is 17273 composite?
True
Is 4851347 composite?
False
Is 6373 a prime number?
True
Is 17093 a composite number?
False
Is 30151 prime?
False
Is 82183 prime?
True
Is 3151 a prime number?
False
Is 449842 a composite number?
True
Is 36227 a composite number?
True
Is 60691 a composite number?
True
Is 416201 a prime number?
True
Is 15119 a prime number?
False
Is 26365 a composite number?
True
Is 516167 a prime number?
False
Is 14767 prime?
True
Is 701 prime?
True
Is 20431 composite?
False
Is 101485 a prime number?
False
Is 20993 a composite number?
True
Is 11099 composite?
True
Is 5171 a composite number?
False
Is 8067 a prime number?
False
Is 2039 composite?
False
Is 310459 a prime number?
True
Is 597907 a prime number?
False
Is 313213 composite?
True
Is 1104301 prime?
False
Is 50539 a composite number?
False
Is 32161 prime?
False
Is 1639 a composite number?
True
Is 108305 composite?
True
Is 786803 prime?
True
Is 2355439 a prime number?
True
Is 880567 a prime number?
False
Is 359981 prime?
True
Is 447791 a prime number?
True
Is 3053519 a prime number?
False
Is 469121 a composite number?
False
Is 1058287 a prime number?
True
Is 55801 composite?
True
Is 112621 a prime number?
True
Is 28639 composite?
True
Is 527377 a composite number?
False
Is 662759 composite?
True
Is 28643 a composite number?
False
Is 16621 prime?
False
Is 204937 a composite number?
True
Is 398843 a prime number?
False
Is 1814233 prime?
True
Is 8182 prime?
False
Is 887191 composite?
False
Is 133 a prime number?
False
Is 930271 a prime number?
False
Is 34234 composite?
True
Is 1591295 a composite number?
True
Is 5839 a prime number?
True
Is 725083 a composite number?
True
Is 2819 a composite number?
False
Is 1828583 a prime number?
True
Is 96595 a prime number?
False
Is 697027 composite?
True
Is 302063 composite?
True
Is 201101 composite?
False
Is 110486 prime?
False
Is 30803 a prime number?
True
Is 764423 a prime number?
False
Is 6563 prime?
True
Is 1511291 a composite number?
False
Is 3679 composite?
True
Is 20129 a prime number?
True
Is 376007 a composite number?
True
Is 277249 prime?
False
Is 249943 composite?
False
Is 587 composite?
False
Is 15877 prime?
True
Is 5273 a composite number?
False
Is 399103 prime?
False
Is 268829 a prime number?
False
Is 7751 composite?
True
Is 631537 prime?
True
Is 45989 a composite number?
False
Is 504831 a composite number?
True
Is 114409 a prime number?
False
Is 59743 a prime number?
True
Is 1208927 a prime number?
True
Is 639361 a composite number?
False
Is 121717 composite?
True
Is 83801 composite?
True
Is 5639 prime?
True
Is 55469 prime?
True
Is 69997 a composite number?
False
Is 670409 a prime number?
True
Is 8309 composite?
True
Is 27941 composite?
False
Is 10649 composite?
True
Is 329267 composite?
False
Is 83833 a prime number?
True
Is 5033707 composite?
True
Is 478253 composite?
False
Is 34163 composite?
True
Is 19571 prime?
True
Is 8653 composite?
True
Is 16897 prime?
False
Is 24607 a composite number?
True
Is 4271 prime?
True
Is 20014 a prime number?
False
Is 629 a composite number?
True
Is 1541 a prime number?
False
Is 679011 a composite number?
True
Is 86885 composite?
True
Is 1567 prime?
True
Is 20645 a composite number?
True
Is 8267 a prime number?
False
Is 42311 composite?
True
Is 88318 a prime number?
False
Is 166319 composite?
False
Is 557423 a composite number?
False
Is 10171 composite?
True
Is 558777 a composite number?
True
Is 5807 composite?
False
Is 6619 prime?
True
Is 7789 a prime number?
True
Is 1323547 composite?
True
Is 148898 a composite number?
True
Is 741503 a prime number?
False
Is 7741 a composite number?
False
Is 3020261 prime?
True
Is 33619 composite?
False
Is 139489 a prime number?
False
Is 127 composite?
False
Is 8053 composite?
False
Is 10061 a composi